{"id":314,"date":"2026-03-17T12:01:12","date_gmt":"2026-03-17T12:01:12","guid":{"rendered":"https:\/\/test.zozothemes.com\/test6\/?page_id=314"},"modified":"2026-03-17T12:23:58","modified_gmt":"2026-03-17T12:23:58","slug":"presentation","status":"publish","type":"page","link":"https:\/\/test.zozothemes.com\/test6\/presentation\/","title":{"rendered":"Pr\u00e9sentation"},"content":{"rendered":"\t\t<div data-elementor-type=\"wp-page\" data-elementor-id=\"314\" class=\"elementor elementor-314\">\n\t\t\t\t<div class=\"elementor-element elementor-element-366e3f4 e-flex e-con-boxed e-con e-parent\" data-id=\"366e3f4\" data-element_type=\"container\" data-e-type=\"container\" data-settings=\"{&quot;background_background&quot;:&quot;classic&quot;}\">\n\t\t\t\t\t<div class=\"e-con-inner\">\n\t\t\t\t<div class=\"elementor-element elementor-element-a24edde cea-align-center cea-separator-type-normal elementor-widget elementor-widget-ceasectiontitle\" data-id=\"a24edde\" data-element_type=\"widget\" data-e-type=\"widget\" data-widget_type=\"ceasectiontitle.default\">\n\t\t\t\t<div class=\"elementor-widget-container\">\n\t\t\t\t\t<div class=\"section-title-wrapper\"><div class=\"title-wrap\"><h2 \r\n\t\t\t\t\tclass=\"section-title none cea-nrml\" \r\n\t\t\t\t\tdata-animation=\"none\" \r\n\t\t\t\t\tdata-anim-speed=\"1s\" \r\n\t\t\t\t\tstyle=\"--nml-anim-speed:1s;\" \r\n\t\t\t\t\t \r\n\t\t\t\t\t>QUI SOMMES NOUS ?<\/h2><div class=\"elementor-divider\"><span class=\"elementor-divider-separator\"><\/span><\/div><\/div><!-- .title-wrap --><div class=\"section-description\"><\/div><!-- .section-description --><\/div><!-- .section-title-wrapper -->\t\t\t\t<\/div>\n\t\t\t\t<\/div>\n\t\t<div class=\"elementor-element elementor-element-163ff55 e-con-full e-flex e-con e-child\" data-id=\"163ff55\" data-element_type=\"container\" data-e-type=\"container\">\n\t\t<div class=\"elementor-element elementor-element-78a8d81 e-con-full e-flex e-con e-child\" data-id=\"78a8d81\" data-element_type=\"container\" data-e-type=\"container\">\n\t\t<div class=\"elementor-element elementor-element-77332db e-con-full e-flex e-con e-child\" data-id=\"77332db\" data-element_type=\"container\" data-e-type=\"container\">\n\t\t\t\t<div class=\"elementor-element elementor-element-0b80819 elementor-widget elementor-widget-image\" data-id=\"0b80819\" data-element_type=\"widget\" data-e-type=\"widget\" data-settings=\"{&quot;_animation_widescreen&quot;:&quot;fadeInLeft&quot;}\" data-widget_type=\"image.default\">\n\t\t\t\t\t\t\t\t\t\t\t\t\t\t\t<img loading=\"lazy\" decoding=\"async\" width=\"400\" height=\"300\" src=\"https:\/\/test.zozothemes.com\/test6\/wp-content\/uploads\/2026\/03\/cours_voiture2-400x300-1.jpg\" class=\"attachment-large size-large wp-image-316\" alt=\"\" \/>\t\t\t\t\t\t\t\t\t\t\t\t\t\t\t<\/div>\n\t\t\t\t<\/div>\n\t\t\t\t<\/div>\n\t\t<div class=\"elementor-element elementor-element-6b268c7 e-con-full e-flex e-con e-child\" data-id=\"6b268c7\" data-element_type=\"container\" data-e-type=\"container\">\n\t\t\t\t<div class=\"elementor-element elementor-element-4844590 elementor-widget elementor-widget-ceasectiontitle\" data-id=\"4844590\" data-element_type=\"widget\" data-e-type=\"widget\" data-widget_type=\"ceasectiontitle.default\">\n\t\t\t\t<div class=\"elementor-widget-container\">\n\t\t\t\t\t<div class=\"section-title-wrapper\"><div class=\"title-wrap\"><h3 \r\n\t\t\t\t\tclass=\"section-title none cea-nrml\" \r\n\t\t\t\t\tdata-animation=\"none\" \r\n\t\t\t\t\tdata-anim-speed=\"1s\" \r\n\t\t\t\t\tstyle=\"--nml-anim-speed:1s;\" \r\n\t\t\t\t\t \r\n\t\t\t\t\t>\u00c9cole de conduite Bruxelles : qui est l\u2019auto-\u00e9cole Horizon ?<\/h3><\/div><!-- .title-wrap --><div class=\"section-description\"><p class=\"section-content\">L\u2019auto-\u00e9cole <b>HORIZON<\/b> est une \u00e9cole de conduite <b>agr\u00e9\u00e9e<\/b> par le SPF mobilit\u00e9 et transports. Forte d\u2019une grande exp\u00e9rience dans la formation des personnes \u00e0 la conduite des v\u00e9hicules \u00e0 moteur, l\u2019auto-\u00e9cole HORIZON offre toutes les garanties d\u2019un bon apprentissage afin de vous propulser au sommet de vos esp\u00e9rances. Notre d\u2019\u00e9quipe d\u2019instructeurs dipl\u00f4m\u00e9s, compos\u00e9e d\u2019hommes et de femmes, poss\u00e8dent toutes les comp\u00e9tences pour faciliter votre apprentissage et vous mener \u00e0 la r\u00e9ussite.\n\n<\/p><\/div><!-- .section-description --><\/div><!-- .section-title-wrapper -->\t\t\t\t<\/div>\n\t\t\t\t<\/div>\n\t\t\t\t<\/div>\n\t\t\t\t<\/div>\n\t\t\t\t\t<\/div>\n\t\t\t\t<\/div>\n\t\t<div class=\"elementor-element elementor-element-1951469 e-flex e-con-boxed e-con e-parent\" data-id=\"1951469\" data-element_type=\"container\" data-e-type=\"container\" data-settings=\"{&quot;background_background&quot;:&quot;classic&quot;}\">\n\t\t\t\t\t<div class=\"e-con-inner\">\n\t\t<div class=\"elementor-element elementor-element-ea59adc e-con-full e-flex e-con e-child\" data-id=\"ea59adc\" data-element_type=\"container\" data-e-type=\"container\">\n\t\t\t\t<div class=\"elementor-element elementor-element-ef13995 elementor-widget elementor-widget-ceasectiontitle\" data-id=\"ef13995\" data-element_type=\"widget\" data-e-type=\"widget\" data-widget_type=\"ceasectiontitle.default\">\n\t\t\t\t<div class=\"elementor-widget-container\">\n\t\t\t\t\t<div class=\"section-title-wrapper\"><div class=\"title-wrap\"><h3 \r\n\t\t\t\t\tclass=\"section-title none cea-nrml\" \r\n\t\t\t\t\tdata-animation=\"none\" \r\n\t\t\t\t\tdata-anim-speed=\"1s\" \r\n\t\t\t\t\tstyle=\"--nml-anim-speed:1s;\" \r\n\t\t\t\t\t \r\n\t\t\t\t\t><\/h3><\/div><!-- .title-wrap --><div class=\"section-description\"><p class=\"section-content\">L\u2019auto-\u00e9cole <b>HORIZON<\/b> s\u2019adresse non seulement aux personnes n\u2019ayant jamais utilis\u00e9es un v\u00e9hicule automobile mais \u00e9galement aux personnes qui ont obtenu avec succ\u00e8s leur permis de conduire d\u00e9finitif et qui sont d\u00e9sireuses de se perfectionner dans le domaine de la conduite.<br>\nEn effet, une \u00e9valuation de la conduite par nos instructeurs s\u2019av\u00e8re utile afin de corriger les imperfections et ainsi vous permettre de rouler en toute s\u00e9curit\u00e9.\nEn outre, les personnes titulaires d\u2019un permis de conduire provisoire avec guide peuvent \u00e9galement b\u00e9n\u00e9ficier de notre exp\u00e9rience.<br>\nL\u2019\u00e9l\u00e8ve pourra ainsi s\u2019exercer au niveau des circuits d\u2019examen et faire l\u2019objet d\u2019une appr\u00e9ciation par nos moniteurs de conduite afin de satisfaire aux exigences de l\u2019examen pratique.\n<\/p><\/div><!-- .section-description --><\/div><!-- .section-title-wrapper -->\t\t\t\t<\/div>\n\t\t\t\t<\/div>\n\t\t\t\t<\/div>\n\t\t<div class=\"elementor-element elementor-element-c93cb9c e-con-full e-flex e-con e-child\" data-id=\"c93cb9c\" data-element_type=\"container\" data-e-type=\"container\">\n\t\t\t\t<div class=\"elementor-element elementor-element-44ac67d elementor-widget elementor-widget-image\" data-id=\"44ac67d\" data-element_type=\"widget\" data-e-type=\"widget\" data-settings=\"{&quot;_animation_widescreen&quot;:&quot;fadeInLeft&quot;}\" data-widget_type=\"image.default\">\n\t\t\t\t\t\t\t\t\t\t\t\t\t\t\t<img loading=\"lazy\" decoding=\"async\" width=\"600\" height=\"450\" src=\"https:\/\/test.zozothemes.com\/test6\/wp-content\/uploads\/2026\/03\/saintdenis-600x450-1.jpg\" class=\"attachment-large size-large wp-image-317\" alt=\"\" \/>\t\t\t\t\t\t\t\t\t\t\t\t\t\t\t<\/div>\n\t\t\t\t<\/div>\n\t\t\t\t\t<\/div>\n\t\t\t\t<\/div>\n\t\t\t\t<\/div>\n\t\t","protected":false},"excerpt":{"rendered":"<p>QUI SOMMES NOUS ? \u00c9cole de conduite Bruxelles : qui est l\u2019auto-\u00e9cole Horizon ? L\u2019auto-\u00e9cole HORIZON est une \u00e9cole de conduite agr\u00e9\u00e9e par le SPF mobilit\u00e9..<\/p>\n","protected":false},"author":1,"featured_media":0,"parent":0,"menu_order":0,"comment_status":"closed","ping_status":"closed","template":"","meta":{"footnotes":""},"class_list":["post-314","page","type-page","status-publish","hentry"],"yoast_head":"<!-- This site is optimized with the Yoast SEO plugin v27.4 - https:\/\/yoast.com\/product\/yoast-seo-wordpress\/ -->\n<title>Pr\u00e9sentation - Autoecolehorizon.be<\/title>\n<meta name=\"robots\" content=\"index, follow, max-snippet:-1, max-image-preview:large, max-video-preview:-1\" \/>\n<link rel=\"canonical\" href=\"https:\/\/test.zozothemes.com\/test6\/presentation\/\" \/>\n<meta property=\"og:locale\" content=\"fr_FR\" \/>\n<meta property=\"og:type\" content=\"article\" \/>\n<meta property=\"og:title\" content=\"Pr\u00e9sentation - Autoecolehorizon.be\" \/>\n<meta property=\"og:description\" content=\"QUI SOMMES NOUS ? \u00c9cole de conduite Bruxelles : qui est l\u2019auto-\u00e9cole Horizon ? L\u2019auto-\u00e9cole HORIZON est une \u00e9cole de conduite agr\u00e9\u00e9e par le SPF mobilit\u00e9..\" \/>\n<meta property=\"og:url\" content=\"https:\/\/test.zozothemes.com\/test6\/presentation\/\" \/>\n<meta property=\"og:site_name\" content=\"Autoecolehorizon.be\" \/>\n<meta property=\"article:modified_time\" content=\"2026-03-17T12:23:58+00:00\" \/>\n<meta property=\"og:image\" content=\"https:\/\/test.zozothemes.com\/test6\/wp-content\/uploads\/2026\/03\/cours_voiture2-400x300-1.jpg\" \/>\n<meta name=\"twitter:card\" content=\"summary_large_image\" \/>\n<meta name=\"twitter:label1\" content=\"Dur\u00e9e de lecture estim\u00e9e\" \/>\n\t<meta name=\"twitter:data1\" content=\"1 minute\" \/>\n<script type=\"application\/ld+json\" class=\"yoast-schema-graph\">{\"@context\":\"https:\\\/\\\/schema.org\",\"@graph\":[{\"@type\":\"WebPage\",\"@id\":\"https:\\\/\\\/test.zozothemes.com\\\/test6\\\/presentation\\\/\",\"url\":\"https:\\\/\\\/test.zozothemes.com\\\/test6\\\/presentation\\\/\",\"name\":\"Pr\u00e9sentation - Autoecolehorizon.be\",\"isPartOf\":{\"@id\":\"https:\\\/\\\/test.zozothemes.com\\\/test6\\\/#website\"},\"primaryImageOfPage\":{\"@id\":\"https:\\\/\\\/test.zozothemes.com\\\/test6\\\/presentation\\\/#primaryimage\"},\"image\":{\"@id\":\"https:\\\/\\\/test.zozothemes.com\\\/test6\\\/presentation\\\/#primaryimage\"},\"thumbnailUrl\":\"https:\\\/\\\/test.zozothemes.com\\\/test6\\\/wp-content\\\/uploads\\\/2026\\\/03\\\/cours_voiture2-400x300-1.jpg\",\"datePublished\":\"2026-03-17T12:01:12+00:00\",\"dateModified\":\"2026-03-17T12:23:58+00:00\",\"breadcrumb\":{\"@id\":\"https:\\\/\\\/test.zozothemes.com\\\/test6\\\/presentation\\\/#breadcrumb\"},\"inLanguage\":\"fr-FR\",\"potentialAction\":[{\"@type\":\"ReadAction\",\"target\":[\"https:\\\/\\\/test.zozothemes.com\\\/test6\\\/presentation\\\/\"]}]},{\"@type\":\"ImageObject\",\"inLanguage\":\"fr-FR\",\"@id\":\"https:\\\/\\\/test.zozothemes.com\\\/test6\\\/presentation\\\/#primaryimage\",\"url\":\"https:\\\/\\\/test.zozothemes.com\\\/test6\\\/wp-content\\\/uploads\\\/2026\\\/03\\\/cours_voiture2-400x300-1.jpg\",\"contentUrl\":\"https:\\\/\\\/test.zozothemes.com\\\/test6\\\/wp-content\\\/uploads\\\/2026\\\/03\\\/cours_voiture2-400x300-1.jpg\",\"width\":400,\"height\":300},{\"@type\":\"BreadcrumbList\",\"@id\":\"https:\\\/\\\/test.zozothemes.com\\\/test6\\\/presentation\\\/#breadcrumb\",\"itemListElement\":[{\"@type\":\"ListItem\",\"position\":1,\"name\":\"Home\",\"item\":\"https:\\\/\\\/test.zozothemes.com\\\/test6\\\/\"},{\"@type\":\"ListItem\",\"position\":2,\"name\":\"Pr\u00e9sentation\"}]},{\"@type\":\"WebSite\",\"@id\":\"https:\\\/\\\/test.zozothemes.com\\\/test6\\\/#website\",\"url\":\"https:\\\/\\\/test.zozothemes.com\\\/test6\\\/\",\"name\":\"Autoecolehorizon.be\",\"description\":\"\",\"potentialAction\":[{\"@type\":\"SearchAction\",\"target\":{\"@type\":\"EntryPoint\",\"urlTemplate\":\"https:\\\/\\\/test.zozothemes.com\\\/test6\\\/?s={search_term_string}\"},\"query-input\":{\"@type\":\"PropertyValueSpecification\",\"valueRequired\":true,\"valueName\":\"search_term_string\"}}],\"inLanguage\":\"fr-FR\"}]}<\/script>\n<!-- \/ Yoast SEO plugin. -->","yoast_head_json":{"title":"Pr\u00e9sentation - Autoecolehorizon.be","robots":{"index":"index","follow":"follow","max-snippet":"max-snippet:-1","max-image-preview":"max-image-preview:large","max-video-preview":"max-video-preview:-1"},"canonical":"https:\/\/test.zozothemes.com\/test6\/presentation\/","og_locale":"fr_FR","og_type":"article","og_title":"Pr\u00e9sentation - Autoecolehorizon.be","og_description":"QUI SOMMES NOUS ? \u00c9cole de conduite Bruxelles : qui est l\u2019auto-\u00e9cole Horizon ? L\u2019auto-\u00e9cole HORIZON est une \u00e9cole de conduite agr\u00e9\u00e9e par le SPF mobilit\u00e9..","og_url":"https:\/\/test.zozothemes.com\/test6\/presentation\/","og_site_name":"Autoecolehorizon.be","article_modified_time":"2026-03-17T12:23:58+00:00","og_image":[{"url":"https:\/\/test.zozothemes.com\/test6\/wp-content\/uploads\/2026\/03\/cours_voiture2-400x300-1.jpg","type":"","width":"","height":""}],"twitter_card":"summary_large_image","twitter_misc":{"Dur\u00e9e de lecture estim\u00e9e":"1 minute"},"schema":{"@context":"https:\/\/schema.org","@graph":[{"@type":"WebPage","@id":"https:\/\/test.zozothemes.com\/test6\/presentation\/","url":"https:\/\/test.zozothemes.com\/test6\/presentation\/","name":"Pr\u00e9sentation - Autoecolehorizon.be","isPartOf":{"@id":"https:\/\/test.zozothemes.com\/test6\/#website"},"primaryImageOfPage":{"@id":"https:\/\/test.zozothemes.com\/test6\/presentation\/#primaryimage"},"image":{"@id":"https:\/\/test.zozothemes.com\/test6\/presentation\/#primaryimage"},"thumbnailUrl":"https:\/\/test.zozothemes.com\/test6\/wp-content\/uploads\/2026\/03\/cours_voiture2-400x300-1.jpg","datePublished":"2026-03-17T12:01:12+00:00","dateModified":"2026-03-17T12:23:58+00:00","breadcrumb":{"@id":"https:\/\/test.zozothemes.com\/test6\/presentation\/#breadcrumb"},"inLanguage":"fr-FR","potentialAction":[{"@type":"ReadAction","target":["https:\/\/test.zozothemes.com\/test6\/presentation\/"]}]},{"@type":"ImageObject","inLanguage":"fr-FR","@id":"https:\/\/test.zozothemes.com\/test6\/presentation\/#primaryimage","url":"https:\/\/test.zozothemes.com\/test6\/wp-content\/uploads\/2026\/03\/cours_voiture2-400x300-1.jpg","contentUrl":"https:\/\/test.zozothemes.com\/test6\/wp-content\/uploads\/2026\/03\/cours_voiture2-400x300-1.jpg","width":400,"height":300},{"@type":"BreadcrumbList","@id":"https:\/\/test.zozothemes.com\/test6\/presentation\/#breadcrumb","itemListElement":[{"@type":"ListItem","position":1,"name":"Home","item":"https:\/\/test.zozothemes.com\/test6\/"},{"@type":"ListItem","position":2,"name":"Pr\u00e9sentation"}]},{"@type":"WebSite","@id":"https:\/\/test.zozothemes.com\/test6\/#website","url":"https:\/\/test.zozothemes.com\/test6\/","name":"Autoecolehorizon.be","description":"","potentialAction":[{"@type":"SearchAction","target":{"@type":"EntryPoint","urlTemplate":"https:\/\/test.zozothemes.com\/test6\/?s={search_term_string}"},"query-input":{"@type":"PropertyValueSpecification","valueRequired":true,"valueName":"search_term_string"}}],"inLanguage":"fr-FR"}]}},"_links":{"self":[{"href":"https:\/\/test.zozothemes.com\/test6\/wp-json\/wp\/v2\/pages\/314","targetHints":{"allow":["GET"]}}],"collection":[{"href":"https:\/\/test.zozothemes.com\/test6\/wp-json\/wp\/v2\/pages"}],"about":[{"href":"https:\/\/test.zozothemes.com\/test6\/wp-json\/wp\/v2\/types\/page"}],"author":[{"embeddable":true,"href":"https:\/\/test.zozothemes.com\/test6\/wp-json\/wp\/v2\/users\/1"}],"replies":[{"embeddable":true,"href":"https:\/\/test.zozothemes.com\/test6\/wp-json\/wp\/v2\/comments?post=314"}],"version-history":[{"count":40,"href":"https:\/\/test.zozothemes.com\/test6\/wp-json\/wp\/v2\/pages\/314\/revisions"}],"predecessor-version":[{"id":366,"href":"https:\/\/test.zozothemes.com\/test6\/wp-json\/wp\/v2\/pages\/314\/revisions\/366"}],"wp:attachment":[{"href":"https:\/\/test.zozothemes.com\/test6\/wp-json\/wp\/v2\/media?parent=314"}],"curies":[{"name":"wp","href":"https:\/\/api.w.org\/{rel}","templated":true}]}}